irst derivative of s(x). Give t(-4).
-5
Let p(z) = -z**3 + 3*z**2 + 2*z - 4. Let m be p(3). Let g(s) = 0*s**2 + 3*s - 2 + m*s**2 - 4*s - s**2. Let o(q) = q + 3. Let h be o(0). Give g(h).
4
Let x(p) = -p**2 - 6*p - 6. Let l be x(-6). Let r(i) = 12*i - 5. Let u(w) = w - 1. Let v(m) = l*u(m) + r(m). Calculate v(-2).
-11
Let w(v) = -v**3 + 2*v**2 - v + 1. Let h = -1 + 6. Suppose 2*j = h*j. Suppose 3*r - 1 - 5 = j. Calculate w(r).
-1
Let j be (-8*1)/2 - 1. Let h(a) be the second derivative of -a**5/120 - a**4/8 - a**3/3 + 2*a. Let u(x) be the second derivative of h(x). Determine u(j).
2
Let t(n) = 0*n**2 - 3*n**2 + n + 2*n**2 + 3*n. Suppose -b = -1 - 2. Give t(b).
3
Let g(a) be the third derivative of a**6/120 - a**5/60 - a**4/24 - a**3/6 + 4*a**2. Let m be 3/(-5) + 6/(-15). Let u = m + 1. What is g(u)?
-1
Let o(h) be the second derivative of h**5/20 - 5*h**4/12 - 3*h**2 - 4*h. What is o(5)?
-6
Suppose 5*u - 2*u = 18. Let j = 6 - u. Let f(m) = -m + 6. Calculate f(j).
6
Let r(n) be the first derivative of -n**2/2 - 3*n - 1. Let d(b) = b - 1. Let t(c) = -c**3 - 6*c**2 + 2*c + 9. Let m be t(-6). Let q be d(m). Determine r(q).
1
Let m(y) = -1 + 6*y**2 - y**3 - y - 2*y**2 + 0*y. Let v be m(3). Let n(i) = -4 + 1 - 2*i + v*i. Calculate n(3).
6
Let x(v) = v**2 - 18*v - 5. Let s be x(18). Let i(h) = -h - 5. Calculate i(s).
0
Suppose -12*g - 16 = -8*g, g = -3*l - 1. Let z(r) = 15*r**2 - 1. Determine z(l).
14
Let p(s) = s**2 + 4*s + 1. Let b be p(-2). Let o(a) = -a**2 - 5*a - 1. Calculate o(b).
5
Let f(u) = u**3 - 4*u**2 + 3. Suppose -i - 2*i = -9. What is f(i)?
-6
Let i(w) be the third derivative of w**6/360 + w**4/8 + w**3/6 + 3*w**2. Let s(p) be the first derivative of i(p). What is s(0)?
3
Let s(z) = -z**2 - 3*z. Suppose -3*o = -o + 2, -3*k + 5 = -5*o. Suppose -4*r = r + 3*n, k = -4*r - 5*n + 13. What is s(r)?
0
Let p = 1 + 6. Let r(j) = 3*j - 2*j**2 - 4*j**2 + 3*j + 7*j**2 + p. Calculate r(-6).
7
Let d(l) be the second derivative of 0 + 0*l**2 - 1/3*l**3 + 1/6*l**4 - 3*l. Calculate d(2).
4
Let a(i) = -21*i**2 + i - 1. Let k be a(1). Let d be (-4)/(-10) - k/35. Let b(m) = -d - 7*m + m**2 - 1 + 1 + 8. Give b(6).
1
Let z be (2/(-3))/(4/(-42)). Let y = z - 2. Let l(c) = c**3 - 5*c**2 + 2*c - 4. Calculate l(y).
6
Let v(y) be the first derivative of 6*y - 1/3*y**3 + 5/2*y**2 - 4. What is v(6)?
0
Let h(j) = -j**3 - 2*j**2 + j - 4. Let f = 4 - 7. Let b be ((2 - 2) + -1)*0. Let n = f - b. Determine h(n).
2
Let z(p) = 13*p**2 - 2*p - 2. Let q(r) = -7*r**2 + r + 1. Let o(s) = -5*q(s) - 3*z(s). Give o(-1).
-4
Suppose t - 12 = -3*t. Let d(m) = 5 - 6*m + 0*m + 6*m**2 + 3*m**t - 4*m**3. Calculate d(5).
0
Let m(g) = -5*g**2 + 21*g**3 + 4*g**2 - 22*g**3 + 3*g + 3. Give m(-3).
12
Let r be ((-32)/(-6) - 2)/(1/(-3)). Let l(w) = -w**3 - 11*w**2 - 8*w + 12. Give l(r).
-8
Let x(q) be the first derivative of -q**6/60 - q**5/60 - q**4/24 + 4*q**3/3 - 5. Let k(o) be the third derivative of x(o). What is k(-1)?
-5
Let t be 8/(-52) + (-82)/(-26). Suppose -s = s + 4*h + 16, 4*s - 3*h - 23 = 0. Let c(d) = 4 + d + 2*d - d**s - t. What is c(5)?
-9
Let m(a) = a**2 + a + 1. Let u(d) = -d**3 + 3*d**2 - 9*d - 3. Let k(t) = -3*m(t) - u(t). Let p = 7 + -3. Give k(p).
-8
Let u be 7 + (1 + -4 - 0). Let t(b) = b**3 - 3*b**2 - 5*b + 6. Let p be t(u). Let a(k) = -3*k. Calculate a(p).
-6
Let y = 49 + -45. Let r(o) = o. What is r(y)?
4
Let v(i) be the third derivative of i**4/24 - i**3/2 - 30*i**2 - 2*i. Give v(2).
-1
Let l(q) = -14*q**3 - 4*q**2 - 1. Let x(r) = 13*r**3 + 3*r**2 + 1. Let n(t) = 5*l(t) + 6*x(t). Give n(-1).
-9
Let k(c) = 2*c**2 + 5*c - 1. Let l(b) = 3*b**2 + 6*b - 1. Let n(h) = -4*k(h) + 3*l(h). What is n(3)?
4
Let k = 28 + -16. Suppose 2*z = k - 4. Suppose z*x = -4 - 12. Let u(j) = -j**2 - 5*j + 2. Give u(x).
6
Let j be 3/(3 + -4 + 2). Suppose -4*t = -5 - 3. Let g(u) = u - 3 + 3 + t. Calculate g(j).
5
Let j(n) = -n**3 + 3*n - 7*n**3 - 2*n + 0*n**3. Give j(-1).
7
Let g(w) = -w + 8. Suppose -16 = -f + 5*f - 4*b, 4*f = -b - 11. Suppose 0 = s - 5 + 8. Let z = s - f. Determine g(z).
8
Suppose 0 = 4*k + 3*s - 8, 0*k - 2*s + 4 = 2*k. Let c(w) = 4*w**3 - 2*w**2 + 2. Determine c(k).
26
Let t(l) = l + 1. Let x = 8 + -2. Suppose 3*k - x = -0. Let u(z) = -z. Let q(c) = k*u(c) + t(c). Calculate q(-4).
5
Let o(r) = 23*r**2 + 1 - 18*r**2 + 2*r**2. Let l = -2 - -3. What is o(l)?
8
Let b(u) be the second derivative of -u**6/120 - u**5/60 + u**4/24 + u**3/3 - u**2 + 5*u. Let p(l) be the first derivative of b(l). What is p(-2)?
4
Let w(v) = -8 + 3*v**2 + 1 - 4*v**2 - 7*v + 14*v. Let j be 6/(-2)*(-4)/3. Suppose 1 = r - j. Calculate w(r).
3
Let z(f) = -7*f**2 + 1. Let i be -3 + ((-36)/3)/(-2). Suppose i = 5*k + l, 5*k + 3*l = l + 1. Let g be z(k). Let u(r) = -r - 12. What is u(g)?
-6
Let z = 108 + -112. Let d(b) be the third derivative of -b**4/12 - b**3/6 - b**2. What is d(z)?
7
Let d(w) = 23*w**3 + 19*w**2 + 5*w - 9. Let g(b) = -12*b**3 - 11*b**2 - 3*b + 5. Let s(y) = 4*d(y) + 7*g(y). Let t = 0 + -1. Determine s(t).
-9
Let f(c) be the second derivative of -1/3*c**3 + 1/2*c**2 - 5*c + 0. Calculate f(2).
-3
Let c(m) be the second derivative of 1/24*m**4 + 0*m**3 - m**2 + 0 + 1/60*m**5 - m. Let k(s) be the first derivative of c(s). Calculate k(-2).
2
Let p(f) = -f - 7. Let o(q) = -q - 7. Let x(y) = 4*o(y) - 5*p(y). Give x(0).
7
Let g(z) = 0 + 2 + 2*z**2 - 3*z**2 + 4*z. Let u be g(4). Let a(v) = -2*v - 9. Let k(s) = -2. Let i(h) = 2*a(h) - 10*k(h). Calculate i(u).
-6
Suppose 2 + 0 = 2*h. Let k(r) = -3*r. Determine k(h).
-3
Let n(z) = 3*z - 2*z - 65436 + 65437. Suppose w = -0*w + 2. Calculate n(w).
3
Let t = -2 + 9. Let p(o) = 6 - o**3 - 3*o**2 - o**3 + 3*o**3 - 4*o**2 + t*o. Give p(6).
12
Let p(c) = 3*c**2 + 7*c - 1. Let t(j) = -4*j**2 - 6*j. Let o(d) = -5*p(d) - 4*t(d). Give o(4).
-23
Let v be (-3)/(-9) - (-4)/6. Let y(c) be the third derivative of 2*c**5/15 - c**4/24 - 3*c**2. Calculate y(v).
7
Let i(r) = r**2. Let o(h) = 2*h**2. Let w(l) = 7*i(l) - 3*o(l). Let k(m) = m**3 - 3*m**2 + m + 4. Let x(u) = k(u) + 6*w(u). Determine x(-3).
1
Let c = 5 + -1. Let f(b) = b**2 - 4*b + 3. Let p be f(c). Let j(g) = 0*g - 3*g**2 + 3 - p*g + g**2. What is j(-3)?
-6
Let v be ((-2)/(-4))/((-1)/(-2)). Let h(p) = 2 + 10*p + 32 - 33. Calculate h(v).
11
Let b(z) = z**2 - z - 8. Let r(h) = -3*h**2 + 2*h + 23. Suppose -106 + 21 = -5*l. Let d(y) = l*b(y) + 6*r(y). What is d(-4)?
6
Let q(a) be the third derivative of a**7/840 + a**6/60 + a**5/24 + a**4/24 - 5*a**3/6 - 7*a**2. Let l(h) be the first derivative of q(h). What is l(-5)?
1
Let k be (-3 - 0) + 2 + 2. Suppose -3 = -2*c + k. Suppose 5 = -3*o + x - c*x, 2*o = x - 5. Let u(w) = -3*w. What is u(o)?
6
Let y(p) = -p**3 + 4*p**2 + 5*p - 3. Suppose -3*v + 8*v = 10. Suppose v*w - 45 = -w. Suppose 4*l = w + 5. Calculate y(l).
-3
Let y(q) = q + 2. Let c be y(2). Let w be (6/c)/(3/(-4)). Let n(u) be the third derivative of -u**5/60 - u**4/24 + u**3/6 - u**2. Determine n(w).
-1
Let j(q) = q + 1. Let i be j(-4). Let a be (-9 - i) + (1 - -1). Let m(v) be the first derivative of -v**4/4 - 5*v**3/3 - 3*v**2 - 6*v + 7. Calculate m(a).
2
Let u = 2 + 2. Suppose 0 = -g - 4*g - u*t + 12, 0 = 3*t - 9. Let v(y) = g*y + y - 4*y - 2. Give v(2).
-8
Let q(w) = 8*w - 2. Let t(n) = n. Let g(o) = -q(o) + 3*t(o). Let m = 3 + -3. Let d = m - -2. Calculate g(d).
-8
Let j(h) = -4*h**2 - 1 - 5*h**2 - h**2 + 3 + h**3 - h. What is j(10)?
-8
Suppose 0 = h + 5*v - 28, -2*v - 1 = -2*h - 5. Let t be h/(-4) - (-61)/(-4). Let m be ((-3)/(-2))/(6/t). Let i(d) = d**2 + 4*d + 3. Determine i(m).
3
Let i(p) = 2*p**2 + 4*p. Suppose 0 = d - 5. Suppose -13 = j - 0*j - 5*l, -4*j = -d*l + 22. Give i(j).
6
Let o(t) be the first derivative of -5/2*t**2 - 2 - 2*t. What is o(-2)?
8
Let t(r) = -5*r - 1. Let u be -2 + (0/(-4))/(-1). Calculate t(u).
9
Let v = -9 + 6. Let z(g) = -6*g**3 - 8*g**2 - 9*g - 8. Let i(c) = c**3 + c**2 + c + 1. Let p(l) = -5*i(l) - z(l). Calculate p(v).
-9
Let m be 8/(6/2 - 1). Let o(k) = 5*k**2 - 3*k - 3. Let i(y) = 6*y**2 - 4*y - 4. Let r(a) = m*i(a) - 5*o(a). Calculate r(2).
-7
Suppose 7*j - 4 = -11. Let r(g) = -6*g**2 - g - 1. Give r(j).
-6
Let h(o) = -5*o - 3. Let w = -34 - -32. Give h(w).
7
Let j(k) = 2*k - 6. Let w = 124 + -124. Give j(w).
-6
Let r(n) = n**2 + 5*n - 2. Let g = -7 - -4. Let 